{"id":14947,"date":"2024-07-30T10:43:54","date_gmt":"2024-07-30T08:43:54","guid":{"rendered":"http:\/\/liseandco-creations.com\/?post_type=product&#038;p=14947"},"modified":"2025-11-19T09:03:45","modified_gmt":"2025-11-19T08:03:45","slug":"petit-porte-monnaie-85","status":"publish","type":"product","link":"https:\/\/liseandco-creations.com\/index.php\/produit\/petit-porte-monnaie-85\/","title":{"rendered":"Petit porte monnaie vintage"},"content":{"rendered":"<p style=\"text-align: left;\"><span style=\"color: #000000;\"><strong>Mati\u00e8re <\/strong><\/span><\/p>\n<p style=\"text-align: left;\"><span style=\"color: #000000;\">-Ext\u00e9rieur : tissu coton<\/span><\/p>\n<p style=\"text-align: left;\"><span style=\"color: #000000;\">-Int\u00e9rieur : simili-cuir<\/span><\/p>\n<p style=\"text-align: left;\"><span style=\"color: #000000;\"><strong>Dimensions <\/strong><\/span><\/p>\n<p><span style=\"color: #000000;\">-11 x 10 cms<\/span><\/p>\n<p>\u2764\ufe0f Cousu main \u2764\ufe0f<\/p>\n","protected":false},"excerpt":{"rendered":"<p>\ud83c\udf38 Tissu Licence officielle import\u00e9 des \u00c9tats-Unis \ud83c\udf38<\/p>\n<p>Ce petit porte monnaie r\u00e9tro au fermoir Clic-clac, est \u00e0 l&rsquo;\u00e9ffigie du plus c\u00e9l\u00e8bre des plombiers de jeux vid\u00e9os, le bien nomm\u00e9 Mario !<\/p>\n<p>Son format pratique permet de le glisser au fond d&rsquo;un petit sac, ou dans la poche d&rsquo;un manteau.<\/p>\n<p>Il est l&rsquo;accessoire id\u00e9al pour \u00e9viter les fuites de monnaie.<\/p>\n<p>&nbsp;<\/p>\n","protected":false},"featured_media":15914,"comment_status":"open","ping_status":"closed","template":"","meta":{"_links_to":"","_links_to_target":""},"_links":{"self":[{"href":"https:\/\/liseandco-creations.com\/index.php\/wp-json\/wp\/v2\/product\/14947"}],"collection":[{"href":"https:\/\/liseandco-creations.com\/index.php\/wp-json\/wp\/v2\/product"}],"about":[{"href":"https:\/\/liseandco-creations.com\/index.php\/wp-json\/wp\/v2\/types\/product"}],"replies":[{"embeddable":true,"href":"https:\/\/liseandco-creations.com\/index.php\/wp-json\/wp\/v2\/comments?post=14947"}],"version-history":[{"count":5,"href":"https:\/\/liseandco-creations.com\/index.php\/wp-json\/wp\/v2\/product\/14947\/revisions"}],"predecessor-version":[{"id":16094,"href":"https:\/\/liseandco-creations.com\/index.php\/wp-json\/wp\/v2\/product\/14947\/revisions\/16094"}],"wp:featuredmedia":[{"embeddable":true,"href":"https:\/\/liseandco-creations.com\/index.php\/wp-json\/wp\/v2\/media\/15914"}],"wp:attachment":[{"href":"https:\/\/liseandco-creations.com\/index.php\/wp-json\/wp\/v2\/media?parent=14947"}],"curies":[{"name":"wp","href":"https:\/\/api.w.org\/{rel}","templated":true}]}}