{"id":15136,"date":"2024-11-15T21:06:40","date_gmt":"2024-11-15T20:06:40","guid":{"rendered":"http:\/\/liseandco-creations.com\/?post_type=product&#038;p=15136"},"modified":"2024-11-15T21:08:17","modified_gmt":"2024-11-15T20:08:17","slug":"bracelet-perles-elastique-3","status":"publish","type":"product","link":"https:\/\/liseandco-creations.com\/index.php\/produit\/bracelet-perles-elastique-3\/","title":{"rendered":"Bracelet perles \u00e9lastique"},"content":{"rendered":"<p>S&rsquo;ajustera parfaitement \u00e0 votre poignet gr\u00e2ce \u00e0 son \u00e9lastique !<\/p>\n<p>&#8211; Perles plastiques<\/p>\n<p>&#8211; B\u00e9li\u00e8re et breloque : acier inoxydable et m\u00e9tal \u00e9maill\u00e9<\/p>\n","protected":false},"excerpt":{"rendered":"<p>S&rsquo;ajustera parfaitement \u00e0 votre poignet gr\u00e2ce \u00e0 son \u00e9lastique ! &#8211; Perles plastiques &#8211; B\u00e9li\u00e8re et breloque : acier inoxydable et m\u00e9tal \u00e9maill\u00e9<\/p>\n","protected":false},"featured_media":15123,"comment_status":"open","ping_status":"closed","template":"","meta":{"_links_to":"","_links_to_target":""},"_links":{"self":[{"href":"https:\/\/liseandco-creations.com\/index.php\/wp-json\/wp\/v2\/product\/15136"}],"collection":[{"href":"https:\/\/liseandco-creations.com\/index.php\/wp-json\/wp\/v2\/product"}],"about":[{"href":"https:\/\/liseandco-creations.com\/index.php\/wp-json\/wp\/v2\/types\/product"}],"replies":[{"embeddable":true,"href":"https:\/\/liseandco-creations.com\/index.php\/wp-json\/wp\/v2\/comments?post=15136"}],"version-history":[{"count":1,"href":"https:\/\/liseandco-creations.com\/index.php\/wp-json\/wp\/v2\/product\/15136\/revisions"}],"predecessor-version":[{"id":15137,"href":"https:\/\/liseandco-creations.com\/index.php\/wp-json\/wp\/v2\/product\/15136\/revisions\/15137"}],"wp:featuredmedia":[{"embeddable":true,"href":"https:\/\/liseandco-creations.com\/index.php\/wp-json\/wp\/v2\/media\/15123"}],"wp:attachment":[{"href":"https:\/\/liseandco-creations.com\/index.php\/wp-json\/wp\/v2\/media?parent=15136"}],"curies":[{"name":"wp","href":"https:\/\/api.w.org\/{rel}","templated":true}]}}