{"id":16308,"date":"2025-12-03T21:48:28","date_gmt":"2025-12-03T20:48:28","guid":{"rendered":"http:\/\/liseandco-creations.com\/?post_type=product&#038;p=16308"},"modified":"2026-02-28T14:42:09","modified_gmt":"2026-02-28T13:42:09","slug":"boucles-doreilles-2","status":"publish","type":"product","link":"https:\/\/liseandco-creations.com\/index.php\/produit\/boucles-doreilles-2\/","title":{"rendered":"Boucles d&rsquo;oreilles"},"content":{"rendered":"<p><strong>Mati\u00e8re <\/strong><\/p>\n<p>&#8211; Attaches \/ Anneaux \/ Supports en Acier inoxydable<\/p>\n<p>&#8211; Breloques fantaisie en m\u00e9tal (alliage) \u00e9maill\u00e9<\/p>\n<p>\u2665 compos\u00e9es et assembl\u00e9es par mes soins \u2665<\/p>\n","protected":false},"excerpt":{"rendered":"<p>Ces boucles d&rsquo;oreilles en acier inoxydable repr\u00e9sentant des papillons sont l&rsquo;accessoire parfait pour compl\u00e9ter votre style tout en \u00e9l\u00e9gance et raffinement.<\/p>\n","protected":false},"featured_media":16297,"comment_status":"open","ping_status":"closed","template":"","meta":{"_links_to":"","_links_to_target":""},"_links":{"self":[{"href":"https:\/\/liseandco-creations.com\/index.php\/wp-json\/wp\/v2\/product\/16308"}],"collection":[{"href":"https:\/\/liseandco-creations.com\/index.php\/wp-json\/wp\/v2\/product"}],"about":[{"href":"https:\/\/liseandco-creations.com\/index.php\/wp-json\/wp\/v2\/types\/product"}],"replies":[{"embeddable":true,"href":"https:\/\/liseandco-creations.com\/index.php\/wp-json\/wp\/v2\/comments?post=16308"}],"version-history":[{"count":1,"href":"https:\/\/liseandco-creations.com\/index.php\/wp-json\/wp\/v2\/product\/16308\/revisions"}],"predecessor-version":[{"id":16309,"href":"https:\/\/liseandco-creations.com\/index.php\/wp-json\/wp\/v2\/product\/16308\/revisions\/16309"}],"wp:featuredmedia":[{"embeddable":true,"href":"https:\/\/liseandco-creations.com\/index.php\/wp-json\/wp\/v2\/media\/16297"}],"wp:attachment":[{"href":"https:\/\/liseandco-creations.com\/index.php\/wp-json\/wp\/v2\/media?parent=16308"}],"curies":[{"name":"wp","href":"https:\/\/api.w.org\/{rel}","templated":true}]}}